greatest common divisor of 8 and 14714?
2
What is the highest common factor of 206765 and 325?
65
Calculate the greatest common factor of 13209 and 357.
357
What is the highest common factor of 2249 and 3979?
173
What is the greatest common factor of 90 and 475110?
90
What is the highest common factor of 45419 and 187?
11
Calculate the greatest common divisor of 11571 and 7077.
21
Calculate the greatest common divisor of 7605 and 480.
15
Calculate the greatest common divisor of 330079 and 71.
71
Calculate the greatest common divisor of 585 and 20943.
117
Calculate the highest common factor of 5635 and 3506097.
1127
Calculate the greatest common divisor of 18954 and 27.
27
What is the greatest common factor of 3270 and 12?
6
What is the highest common divisor of 21691 and 2587?
199
Calculate the greatest common divisor of 45917 and 17.
17
Calculate the greatest common divisor of 330 and 13288.
22
What is the highest common divisor of 40415 and 177?
59
What is the greatest common factor of 226 and 308151?
113
What is the greatest common factor of 22950 and 70?
10
What is the greatest common factor of 114 and 258?
6
What is the highest common factor of 18441 and 99?
9
What is the highest common factor of 647 and 1234476?
647
Calculate the highest common factor of 6016 and 92992.
64
Calculate the greatest common divisor of 12803 and 995743.
413
Calculate the greatest common factor of 8007 and 20724.
471
Calculate the highest common factor of 6624 and 207.
207
Calculate the highest common factor of 273 and 154609.
91
Calculate the highest common factor of 35442 and 396.
198
What is the highest common factor of 144 and 77424?
48
Calculate the highest common divisor of 228 and 106970.
38
Calculate the highest common factor of 425929 and 497.
497
Calculate the greatest common divisor of 190 and 10960.
10
Calculate the greatest common divisor of 242 and 260238.
22
Calculate the highest common divisor of 36 and 76095.
9
What is the greatest common factor of 268 and 14673?
67
Calculate the greatest common divisor of 16761 and 444.
111
What is the greatest common factor of 1716 and 200148?
156
What is the highest common divisor of 3094 and 102986?
442
Calculate the highest common factor of 40744 and 88.
88
What is the highest common divisor of 516056 and 4?
4
Calculate the highest common factor of 3162 and 2380.
34
What is the greatest common divisor of 448 and 868?
28
Calculate the greatest common factor of 597640 and 40.
40
What is the highest common divisor of 13245 and 30?
15
Calculate the highest common factor of 92 and 58420.
92
What is the highest common factor of 1013392 and 16?
16
Calculate the highest common divisor of 2758385 and 742.
371
Calculate the greatest common factor of 1378 and 459934.
106
Calculate the highest common divisor of 549248 and 56.
56
What is the greatest common factor of 1533 and 7917?
21
What is the highest common divisor of 406 and 1631?
7
What is the highest common divisor of 14473 and 123?
41
Calculate the greatest common factor of 36 and 98433.
9
Calculate the highest common factor of 57184 and 96.
32
What is the highest common factor of 3195 and 375?
15
Calculate the highest common divisor of 198028 and 124.
124
Calculate the highest common divisor of 150860 and 380.
380
What is the greatest common factor of 1924 and 6425198?
962
What is the greatest common factor of 8887354 and 994?
994
What is the greatest common factor of 884 and 30277?
221
Calculate the highest common factor of 16 and 6151.
1
Calculate the highest common divisor of 142 and 5183.
71
What is the highest common divisor of 840 and 58440?
120
What is the greatest common divisor of 1036 and 3478?
74
What is the highest common divisor of 28620 and 690?
30
What is the greatest common divisor of 5022 and 17856?
558
Calculate the highest common divisor of 13311 and 203337.
459
What is the highest common factor of 301 and 985689?
43
Calculate the greatest common divisor of 25324 and 208.
52
What is the greatest common divisor of 106774 and 542?
542
Calculate the highest common factor of 1268589 and 193.
193
What is the highest common factor of 341 and 760833?
31
Calculate the highest common factor of 65 and 6866613.
13
Calculate the highest common divisor of 3 and 74508.
3
What is the highest common divisor of 3291 and 13018099?
1097
What is the greatest common factor of 3333 and 44?
11
What is the highest common factor of 8774 and 12305?
107
Calculate the highest common divisor of 62176 and 138272.
928
What is the greatest common factor of 11999 and 568?
71
Calculate the highest common divisor of 150666 and 6.
6
What is the highest common divisor of 69 and 3541356?
69
Calculate the highest common factor of 1269468 and 63.
9
What is the highest common factor of 1520 and 14000?
80
What is the greatest common divisor of 174 and 99267?
87
Calculate the greatest common divisor of 15348 and 12.
12
What is the highest common factor of 36491 and 182?
91
What is the highest common factor of 38 and 114?
38
Calculate the greatest common divisor of 9 and 11456.
1
What is the greatest common factor of 3990 and 41265?
105
What is the highest common factor of 6707 and 4503?
19
What is the greatest common factor of 21091 and 70?
7
What is the highest common divisor of 2107 and 33798?
43
Calculate the highest common divisor of 69456 and 272.
16
What is the highest common divisor of 5 and 83095?
5
Calculate the highest common factor of 150949 and 115.
23
What is the highest common divisor of 161 and 5014?
23
Calculate the greatest common divisor of 2 and 91918.
2
What is the highest common divisor of 8648 and 43052?
188
What is the greatest common factor of 29744 and 308?
44
Calculate the highest common divisor of 84 and 78988.
28
What is the greatest common factor of 64617 and 68?
17
What is the highest common factor of 220 and 6446?
22
Calculate the greatest common divisor of 678 and 5946.
6
Calculate the greatest common factor of 22 and 81785.
11
What is the highest common divisor of 483 and 3601731?
483
Calculate the greatest common factor of 37081 and 22.
11
Calculate the greatest common divisor of 180290 and 440.
110
Calculate the greatest common divisor of 368 and 123280.
368
What is the highest common divisor of 1 and 90633?
1
Calculate the highest common factor of 1560 and 1581710.
130
What is the greatest common divisor of 106 and 78599?
53
What is the greatest common divisor of 15171 and 663?
39
Calculate the greatest common divisor of 2765 and 73075.
395
Calculate the greatest common divisor of 264492 and 2034.
18
Calculate the highest common factor of 4845 and 61965.
255
What is the greatest common divisor of 18 and 1833642?
18
What is the greatest common factor of 3043 and 459?
17
Calculate the highest common factor of 3388 and 196.
28
What is the highest common factor of 17600 and 27368?
88
What is the highest common factor of 5625 and 135?
45
Calculate the highest common divisor of 3259 and 186.
1
What is the highest common divisor of 122450 and 26070?
790
What is the highest common divisor of 90 and 12105?
45
What is the greatest common factor of 423954 and 81?
81
Calculate the highest common divisor of 192294 and 108.
54
What is the greatest common factor of 256 and 986368?
256
What is the highest common divisor of 8284 and 2052?
76
What is the highest common divisor of 36 and 282672?
36
What is the greatest common factor of 57 and 9368463?
57
Calculate the highest common divisor of 5353493 and 3034.
1517
What is the highest common factor of 165577 and 1587?
529
What is the greatest common divisor of 1072032 and 12?
12
What is the greatest common factor of 790 and 2550515?
395
What is the greatest common factor of 1035667 and 69?
23
What is the greatest common divisor of 358696 and 156?
52
What is the highest common factor of 37761 and 328?
41
Calculate the highest common divisor of 231 and 157179.
33
What is the greatest common factor of 64 and 263776?
32
Calculate the highest common factor of 353591 and 7.
7
Calculate the highest common factor of 15529 and 4187.
53
Calculate the highest common divisor of 370968 and 104.
104
Calculate the highest common divisor of 316 and 520610.
158
What is the highest common divisor of 24 and 1785440?
8
Calculate t